780.
5
Calculate the highest common factor of 60 and 52225.
5
What is the greatest common factor of 62872155 and 45?
45
What is the highest common factor of 3365048 and 29056?
1816
What is the highest common factor of 92180704 and 242?
242
What is the highest common factor of 3072 and 225217536?
3072
Calculate the greatest common divisor of 47631834 and 360.
18
What is the highest common factor of 77741275 and 25?
25
Calculate the greatest common factor of 19031985 and 987.
21
What is the highest common divisor of 7405656 and 336?
24
What is the greatest common factor of 1378376 and 56?
8
What is the highest common divisor of 152417344 and 32?
32
Calculate the greatest common divisor of 799 and 1889071.
47
What is the highest common factor of 138 and 157563087?
69
Calculate the greatest common divisor of 130473 and 258153.
399
What is the greatest common divisor of 1247 and 3440?
43
Calculate the highest common divisor of 14438810 and 1450.
290
Calculate the greatest common divisor of 30228394 and 4508.
2254
Calculate the greatest common divisor of 165 and 1535259220.
55
Calculate the greatest common factor of 139761 and 92295.
2637
What is the highest common divisor of 121 and 6317267?
11
What is the greatest common divisor of 20451692 and 174731?
1633
Calculate the highest common factor of 3467262 and 4902.
258
Calculate the highest common divisor of 527421 and 189525.
1083
What is the highest common divisor of 272408 and 1000?
8
What is the greatest common factor of 6952 and 52936873?
869
What is the greatest common factor of 41784 and 293516931?
5223
Calculate the highest common divisor of 12 and 2030418744.
12
What is the highest common divisor of 1452 and 68357982?
726
What is the greatest common divisor of 4666900 and 595?
35
Calculate the highest common factor of 2638482 and 69146.
154
Calculate the highest common divisor of 766 and 20182185.
383
What is the highest common factor of 72 and 786057894?
18
Calculate the highest common factor of 25306672 and 80.
16
What is the greatest common factor of 399986582 and 6694?
6694
What is the greatest common factor of 2679370 and 33014?
34
Calculate the highest common factor of 10816 and 44356.
52
Calculate the greatest common factor of 14035 and 4501.
7
What is the highest common divisor of 18 and 25143114?
6
Calculate the highest common factor of 110 and 34870077.
11
What is the highest common divisor of 78 and 2027649?
39
Calculate the greatest common factor of 3996 and 7870011.
111
What is the greatest common divisor of 35 and 5745243?
7
What is the highest common factor of 480026 and 208546?
1234
Calculate the greatest common factor of 2800560 and 2730.
210
Calculate the greatest common divisor of 1238271276 and 1852.
1852
Calculate the greatest common factor of 636 and 81924.
12
What is the highest common factor of 284 and 272607624?
284
Calculate the greatest common divisor of 319403 and 3000081.
721
What is the highest common factor of 590464 and 52864?
896
What is the greatest common divisor of 177045 and 81235?
55
What is the highest common factor of 334324855 and 95?
95
What is the greatest common divisor of 1612 and 267974044?
1612
What is the highest common factor of 14 and 733233718?
14
Calculate the greatest common factor of 178722972 and 51.
51
What is the greatest common divisor of 6656 and 51709632?
832
Calculate the greatest common divisor of 9794 and 285442.
118
Calculate the highest common divisor of 1220 and 272560.
20
What is the highest common factor of 39 and 903050629?
13
Calculate the highest common factor of 62590448 and 4.
4
What is the highest common divisor of 885476 and 66185?
61
Calculate the greatest common divisor of 810 and 180128610.
810
What is the highest common factor of 7453250 and 28?
14
Calculate the highest common divisor of 212494 and 33459.
587
What is the highest common divisor of 65994570 and 66?
6
Calculate the greatest common factor of 12378 and 3408.
6
What is the greatest common factor of 32336 and 3017568?
688
What is the highest common factor of 5177438 and 115?
23
What is the greatest common factor of 9780 and 427820?
20
What is the greatest common factor of 7 and 348784?
1
Calculate the greatest common factor of 23839427 and 302.
151
What is the highest common divisor of 11 and 5848502?
11
Calculate the greatest common factor of 174794 and 10088.
194
Calculate the greatest common factor of 1791736 and 145.
29
What is the highest common factor of 219038160 and 10?
10
What is the highest common divisor of 5076 and 43966620?
1692
Calculate the greatest common factor of 12662580 and 20414.
118
Calculate the greatest common factor of 863209083 and 627.
627
What is the highest common divisor of 459355 and 252693?
191
Calculate the greatest common divisor of 2192 and 678848.
16
Calculate the highest common factor of 76716801 and 54.
27
What is the greatest common factor of 2747 and 161294?
41
Calculate the greatest common factor of 17065864 and 105492.
596
What is the highest common divisor of 3782 and 4513600?
62
What is the greatest common factor of 37003288 and 714?
238
What is the highest common factor of 580441 and 958109?
263
Calculate the highest common divisor of 9551669 and 235.
47
What is the highest common factor of 264 and 54520026?
66
What is the greatest common factor of 201489 and 284538?
141
Calculate the highest common factor of 20208 and 2007048.
24
What is the greatest common divisor of 1105 and 316999?
17
What is the greatest common factor of 36457577 and 3692?
923
Calculate the highest common divisor of 111785 and 3679.
283
Calculate the greatest common factor of 21249 and 115580394.
7083
Calculate the highest common factor of 441 and 30621297.
21
Calculate the greatest common factor of 3887 and 6806813.
169
What is the greatest common factor of 3865 and 118934553?
773
Calculate the greatest common factor of 280 and 18175010.
70
Calculate the greatest common divisor of 59197863 and 62802.
3489
What is the greatest common divisor of 725 and 57153200?
725
Calculate the greatest common divisor of 1636418 and 1370647.
653
Calculate the highest common factor of 2208 and 4683904.
736
Calculate the greatest common factor of 764855 and 1432212.
1681
What is the highest common factor of 55131 and 731883?
69
Calculate the highest common factor of 1070 and 161596750.
1070
What is the greatest common factor of 358020 and 30770?
170
Calculate the greatest common factor of 3150 and 1255200.
150
Calculate the highest common divisor of 3802410 and 99.
9
Calculate the greatest common factor of 767648 and 1127.
161
What is the greatest common factor of 52649 and 311819?
163
What is the greatest common factor of 348010218 and 18?
18
What is the greatest common divisor of 836 and 94999069?
209
Calculate the greatest common factor of 92880 and 664.
8
Calculate the highest common divisor of 30959272 and 2.
2
Calculate the highest common factor of 129780 and 2135700.
1260
What is the greatest common divisor of 67761247 and 241?
241
What is the highest common divisor of 644 and 9106712?
92
Calculate the highest common factor of 560728 and 38279699.
10013
What is the greatest common divisor of 2550881 and 15900051?
13217
What is the highest common factor of 19124 and 6169539?
683
What is the highest common divisor of 736209 and 115326?
1341
Calculate the highest common divisor of 144632 and 43676.
716
Calculate the greatest common divisor of 39240852 and 7714.
266
What is the greatest common divisor of 38211128 and 88274?
3838
What is the highest common divisor of 267082 and 26?
2
Calculate the greatest common divisor of 371722 and 88044.
58
Calculate the highest common factor of 171 and 110685105.
9
Calculate the highest common divisor of 6020 and 39592.
28
Calculate the greatest common divisor of 8895 and 60450.
15
Calculate the greatest common divisor of 6347 and 13562385.
577
What is the greatest common factor of 1242 and 806587?
23
What is the highest common divisor of 36561460 and 290?
290
Calculate the highest common divisor of 5240 and 3486172.
524
What is the highest common divisor of 67213859 and 62?
31
Calculate the highest common divisor of 68479203 and 39.
39
Calculate the greatest common factor of 180 and 317211420.
60
What is the